umber?
False
Is 8659 a prime number?
False
Is 755 a composite number?
True
Is 46981 prime?
False
Is 3265927 prime?
False
Is 234043 composite?
False
Is 72613 prime?
True
Is 115631 composite?
False
Is 12185 a prime number?
False
Is 33955 prime?
False
Is 38113 a prime number?
True
Is 4106 a composite number?
True
Is 4117 prime?
False
Is 541087 composite?
False
Is 267515 a composite number?
True
Is 3100147 prime?
False
Is 4547 a composite number?
False
Is 1320667 prime?
True
Is 42041 composite?
True
Is 73277 composite?
False
Is 19277 prime?
False
Is 11498 composite?
True
Is 2841 a composite number?
True
Is 615661 a prime number?
True
Is 107443 composite?
True
Is 94579 composite?
True
Is 855269 composite?
False
Is 129821 prime?
False
Is 1858 prime?
False
Is 885943 a composite number?
False
Is 2133919 composite?
True
Is 1457587 a prime number?
False
Is 32213 a composite number?
False
Is 484357 a composite number?
True
Is 6547 a composite number?
False
Is 1903 composite?
True
Is 16537 composite?
True
Is 119839 composite?
False
Is 423173 a prime number?
True
Is 28201 prime?
True
Is 957007 a composite number?
True
Is 32353 prime?
True
Is 536671 a prime number?
True
Is 3989 a prime number?
True
Is 13471 composite?
True
Is 67819 a composite number?
False
Is 156659 prime?
True
Is 156089 composite?
False
Is 2392337 a prime number?
True
Is 32099 prime?
True
Is 260506 prime?
False
Is 12197 a composite number?
False
Is 4559 a prime number?
False
Is 38993 a composite number?
False
Is 1010387 composite?
True
Is 1383 prime?
False
Is 3336751 a composite number?
True
Is 101611 composite?
False
Is 2459 composite?
False
Is 329519 prime?
True
Is 268183 a prime number?
False
Is 8335 a composite number?
True
Is 369431 composite?
True
Is 82437 composite?
True
Is 10597 prime?
True
Is 26267 a composite number?
False
Is 13033 prime?
True
Is 5071 a prime number?
False
Is 229699 a composite number?
False
Is 657253 prime?
False
Is 31399 prime?
False
Is 1111919 a prime number?
False
Is 71633 composite?
False
Is 301969 composite?
True
Is 20089 composite?
False
Is 948161 a prime number?
False
Is 72221 composite?
False
Is 172127 composite?
False
Is 23915 a composite number?
True
Is 1124509 composite?
False
Is 15443 composite?
False
Is 64367 composite?
True
Is 42919 a prime number?
False
Is 359561 composite?
False
Is 28277 a composite number?
False
Is 2046073 prime?
True
Is 47417 prime?
True
Is 3163 composite?
False
Is 22553 a prime number?
False
Is 22909 prime?
False
Is 7318 a prime number?
False
Is 36629 composite?
False
Is 13701 prime?
False
Is 51449 a prime number?
True
Is 52013 a composite number?
True
Is 67877 composite?
True
Is 408311 composite?
False
Is 1930021 a prime number?
True
Is 94591 a prime number?
False
Is 14583 a prime number?
False
Is 35755 a composite number?
True
Is 1012547 composite?
False
Is 945431 a prime number?
True
Is 994141 a composite number?
False
Is 18517 a prime number?
True
Is 69877 a composite number?
False
Is 77447 a prime number?
True
Is 3907 a prime number?
True
Is 106013 prime?
True
Is 29741 a prime number?
True
Is 70537 composite?
False
Is 4151 prime?
False
Is 60331 a prime number?
True
Is 29901 a composite number?
True
Is 77087 a composite number?
True
Is 187111 prime?
True
Is 52279 composite?
True
Is 150055 prime?
False
Is 24611 prime?
True
Is 91997 composite?
False
Is 221 a composite number?
True
Is 23417 prime?
True
Is 3386 a prime number?
False
Is 1396387 composite?
False
Is 283913 a composite number?
True
Is 302629 a composite number?
False
Is 15349 a composite number?
False
Is 1154627 composite?
True
Is 107335 composite?
True
Is 20873 prime?
True
Is 63197 a prime number?
True
Is 1380799 prime?
False
Is 9959 prime?
False
Is 6743 a prime number?
False
Is 2145886 composite?
True
Is 331849 a prime number?
False
Is 15187 a prime number?
True
Is 112969 a prime number?
False
Is 61823 a composite number?
True
Is 56915 prime?
False
Is 6521 prime?
True
Is 61513 a prime number?
False
Is 294919 prime?
True
Is 35359 composite?
True
Is 3907 composite?
False
Is 100649 composite?
False
Is 36383 composite?
False
Is 85549 prime?
True
Is 472754 a prime number?
False
Is 273799 composite?
True
Is 14995 a prime number?
False
Is 504929 prime?
True
Is 13451 prime?
True
Is 18713 a prime number?
True
Is 55 prime?
False
Is 269167 a composite number?
False
Is 362039 composite?
True
Is 1549673 prime?
False
Is 295187 prime?
True
Is 172127 a composite number?
False
Is 6709 composite?
False
Is 830681 prime?
False
Is 3719 a composite number?
False
Is 333563 prime?
True
Is 197339 a composite number?
False
Is 743549 prime?
True
Is 14903 a prime number?
False
Is 4197 composite?
True
Is 167651 a composite number?
True
Is 359231 a composite number?
False
Is 752971 composite?
True
Is 50861 prime?
False
Is 3719 a composite number?
False
Is 32003 a prime number?
True
Is 202282 a prime number?
False
Is 14813 composite?
False
Is 28643 a prime number?
True
Is 333857 composite?
False
Is 872517 prime?
False
Is 9601 a prime number?
True
Is 153089 a composite number?
False
Is 2179 prime?
True
Is 9489 composite?
True
Is 123701 composite?
False
Is 280045 composite?
True
Is 4562 a composite number?
True
Is 891249 a prime number?
False
Is 5581 composite?
False
Is 1317241 prime?
False
Is 1642 a prime number?
False
Is 4861 a prime number?
True
Is 14741 a composite number?
False
Is 747419 prime?
False
Is 15853 composite?
True
Is 102533 composite?
False
Is 1397 prime?
False
Is 4897 composite?
True
Is 77 a composite number?
True
Is 29201 prime?
True
Is 15119 a composite number?
True
Is 3902 a prime number?
False
Is 3104065 prime?
False
Is 21541 composite?
True
Is 24317 composite?
False
Is 717 a prime number?
False
Is 11009 prime?
False
Is 82151 a prime number?
False
Is 265 a prime number?
False
Is 321155 a prime number?
False
Is 55531 composite?
True
Is 273085 composite?
True
Is 23599 a composite number?
False
Is 249267 a prime number?
False
Is 17531 prime?
False
Is 21859 a composite number?
False
Is 9637 prime?
False
Is 6599 a composite number?
False
Is 694189 prime?
True
Is 38477 composite?
True
Is 235 composite?
True
Is 1027 a composite number?
True
Is 10643 a composite number?
True
Is 5699 a composite number?
True
Is 278353 prime?
True
Is 301985 a composite number?
True
Is 71443 composite?
False
Is 14107 prime?
True
Is 323257 a composite number?
True
Is 6821 composite?
True
Is 233263 prime?
False
Is 113357 a composite number?
False
Is 596263 a prime number?
False
Is 152597 prime?
True
Is 19373 composite?
False
Is 11783513 prime?
False
Is 7283 composite?
False
Is 10921 prime?
False
Is 42641 composite?
False
Is 2881 a prime number?
False
Is 183107 a prime number?
False
Is 58657 composite?
False
Is 10223 composite?
False
Is 26497 a composite number?
False
Is 23117 prime?
True
Is 67289 a composite number?
False
Is 6828889 a prime number?
False
Is 12955 composite?
True
Is 248371 a composite number?
False
Is 2127607 prime?
True
Is 201809 composite?
False
Is 11413 a composite number?
True
Is 77501 a composite number?
True
Is 190049 a prime number?
False
Is 9109 prime?
True
Is 85809 prime?
False
Is 715757 composite?
True
Is 325487 composite?
False
Is 2955265 a prime number?
False
Is 100787 composite?
False
Is 23329 a prime number?
False
Is 731 a composite number?
True
Is 327247 a prime number?
True
Is 65605 composite?
True
Is 660683 a prime number?
True
Is 37243 a prime number?
True
Is 5729 a composite number?
True
Is 46369 a prime number?
False
Is 3957 composite?
True
Is 278321 a prime number?
True
Is 6521 prime?
True
Is 21081 a composite number?
True
Is 25687 a composite number?
True
Is 90313 a composite number?
False
Is 3163 a prime number?
True
Is 20469 prime?
False
Is 7111 a prime number?
False
Is 13703 a composite number?
True
Is 6779 a prime number?
True
Is 34087 composite?
True
Is 28961 a prime number?
True
Is 26621 composite?
True
Is 45497 a prime number?
True
Is 15783 prime?
False
Is 127909 a prime number?
False
Is 20851 prime?
False
Is 448087 a composite number?
True
Is 46747 composite?
False
Is 50353 prime?
False
Is 2119213 prime?
False
Is 38903 a prime number?
True
Is 13553 a composite number?
False
Is 7829 prime?
True
Is 29513 a prime number?
False
Is 15893 a composite number?